*3 - 6*j**2 - 52. Give s(-7).
-3
Let q(s) = -4*s + 45. Calculate q(13).
-7
Let s(u) = u**3 + u**2 - u - 8. What is s(0)?
-8
Let l(m) = m**2 + 19*m - 183. Determine l(7).
-1
Let l(t) = -t**3 + 26*t**2 - 23*t + 34. Calculate l(25).
84
Let p(k) = 2*k**2 + 4*k - 2. Calculate p(1).
4
Let o(n) = n**3 - 13*n**2 + 10*n + 22. What is o(12)?
-2
Let b(l) = -l + 6. Determine b(3).
3
Let o(d) = 3*d**2 + 47*d + 15. What is o(-15)?
-15
Let v(z) = z - 31. Give v(9).
-22
Let w(q) = -6*q + 9. What is w(12)?
-63
Let v(z) = z**3 - 2*z**2 + 3*z - 4. Calculate v(2).
2
Let h(i) = -i**2 + 8*i - 4. What is h(7)?
3
Let g(c) = 15*c**3 + 4*c**2 + 5*c - 2. Give g(-2).
-116
Let m(x) = x**2 + 8*x + 35. Calculate m(-4).
19
Let f(p) = -3*p**2 + 22*p + 13. What is f(6)?
37
Let r(n) = -13*n**2 - 2*n - 4. Give r(-3).
-115
Let k(d) = d**3 + 11*d**2 - 32*d - 18. Determine k(-13).
60
Let t(b) = -b + 18. What is t(4)?
14
Let n(o) = -6*o - 5. Give n(-2).
7
Let t(v) = v**2 + 20*v - 7. Calculate t(-22).
37
Let n(c) = c**2 + 15*c + 21. Calculate n(-6).
-33
Let p(x) = -55*x - 776. What is p(-14)?
-6
Let j(l) = -l**3 + 8*l**2 - 13*l - 2. Determine j(7).
-44
Let y(d) = -5*d**2 + 2. What is y(-1)?
-3
Let t(j) = -j**3 + 63*j**2 - 6*j + 384. Determine t(63).
6
Let r(t) = t + 17. Calculate r(11).
28
Let d(m) = 4*m - 9. Give d(4).
7
Let w(l) = 2*l + 13. What is w(-6)?
1
Let h(p) = -4*p**2 - 26*p + 7. Determine h(-7).
-7
Let h(r) = r**3 + 4*r**2 + 2*r. What is h(-4)?
-8
Let a(y) = -y**2 - 2*y + 11. Give a(-5).
-4
Let m(s) = s**3 - 7*s**2 - 2*s + 7. Give m(6).
-41
Let j(p) = -p**3 - 38*p**2 + 40*p + 53. Determine j(-39).
14
Let d(p) = p**2 - p - 15. What is d(0)?
-15
Let s(r) = 2*r**2 + 17*r + 9. What is s(-8)?
1
Let k(f) = -f**3 - 5*f**2 - 2*f - 3. Calculate k(-5).
7
Let q(o) = -2*o**3 + 3*o**2 + 4*o - 2. Determine q(4).
-66
Let i(o) = -o**2 - 54*o - 404. Give i(-9).
1
Let x(c) = -c**3 + 15*c**2 - 15*c - 38. Calculate x(14).
-52
Let l(o) = -o - 2. Calculate l(4).
-6
Let u(c) = c**2 - 2*c - 5. Calculate u(6).
19
Let c(h) = -5*h + 3. Give c(5).
-22
Let s(z) = 7*z + 101. Give s(-13).
10
Let b(a) = a**3 - a**2 - 2*a - 11. Give b(0).
-11
Let q(b) = -b**3 + 11*b**2 - 21*b + 16. Give q(9).
-11
Let l(v) = -v**2 + 11*v - 16. Give l(8).
8
Let u(l) = -4*l - 47. Determine u(-7).
-19
Let u(b) = 3*b**2 - 3*b + 10. Calculate u(2).
16
Let f(s) = 3*s - 16. What is f(3)?
-7
Let w(x) = -20*x**2 - 63*x + 2. What is w(-3)?
11
Let n(j) = -44*j + 1. Determine n(-1).
45
Let m(o) = -o**2 - o + 19. What is m(6)?
-23
Let n(l) = l**3 - 13*l**2 + 24*l - 17. What is n(11)?
5
Let h(y) = -8*y**2 + y + 1. Determine h(-1).
-8
Let t(z) = -7*z**2 + 25*z - 53. What is t(2)?
-31
Let k(a) = -4*a**2 + 18*a + 5. Determine k(4).
13
Let r(y) = y**2 + 5*y + 38. Give r(-10).
88
Let t(f) = -f**3 - 7*f**2 + 9*f + 13. Calculate t(-8).
5
Let q(u) = 2*u + 21. Determine q(-8).
5
Let i(c) = -2*c**3 - c**2 + 2*c + 6. Calculate i(3).
-51
Let f(a) = -a**2 - 15*a - 23. Determine f(-14).
-9
Let l(d) = -7*d**2 + 2*d + 3. Determine l(-1).
-6
Let m(j) = 9*j + 9. What is m(-16)?
-135
Let y(j) = 2*j + 3. Give y(0).
3
Let k(q) = -q**3 + 6*q**2 - 4*q + 30. What is k(7)?
-47
Let z(w) = -w**2 + 10*w - 11. What is z(8)?
5
Let z(x) = 5*x**2 - 65*x + 125. Give z(2).
15
Let n(q) = -5*q + 96. Calculate n(25).
-29
Let h(b) = -b**2 + 30*b - 109. Calculate h(25).
16
Let o(w) = 2*w - 5. Determine o(6).
7
Let j(s) = -2*s**2 - 4*s - 4. Give j(-4).
-20
Let x(z) = z**3 - 12*z**2 - 7*z + 117. Determine x(12).
33
Let a(u) = 6*u + 28. What is a(-3)?
10
Let h(b) = 7*b - 43. What is h(7)?
6
Let p(s) = -s**2 - 5*s - 19. Calculate p(-12).
-103
Let k(w) = -w**3 - 9*w**2 - 7*w + 8. Give k(-8).
0
Let i(w) = 3*w**3 + 10*w**2 + 15*w + 1. Give i(-4).
-91
Let r(q) = q**3 - 21*q**2 - 23*q + 31. Calculate r(22).
9
Let l(r) = 7*r**2 + 6*r + 7. What is l(-3)?
52
Let n(o) = 11*o + 88. Give n(-7).
11
Let a(l) = 2*l + 37. Calculate a(-13).
11
Let u(w) = w + 16. Give u(-5).
11
Let u(x) = x**3 - 5*x**2 + 10. Calculate u(5).
10
Let z(d) = -3*d**2 - 42*d + 47. Determine z(-15).
2
Let f(a) = a**2 + 16*a + 17. Calculate f(-17).
34
Let u(q) = -q**3 + 10*q**2 - 13*q + 22. What is u(9)?
-14
Let u(m) = -2*m**2 + 11*m + 15. Determine u(7).
-6
Let s(r) = -7*r - 9. Determine s(-5).
26
Let s(v) = -110*v + 210. Give s(2).
-10
Let p(u) = -u**2 + u - 17. Determine p(-7).
-73
Let c(k) = 9*k + 19. Calculate c(3).
46
Let g(h) = -h**3 + 17*h**2 - 3*h - 3. Give g(17).
-54
Let p(o) = 18*o**3 + o**2 + o. What is p(-1)?
-18
Let z(r) = -55*r - 54. What is z(0)?
-54
Let s(b) = b + 4. Give s(-15).
-11
Let a(m) = 3*m - 55. What is a(10)?
-25
Let f(d) = d**2 + 3*d - 5. Give f(4).
23
Let r(o) = -13*o**3 + 38*o**2 - 3*o + 3. Calculate r(3).
-15
Let u(p) = -p**2 - 7*p + 13. Calculate u(-8).
5
Let q(t) = t**3 + 12*t**2 + 2*t + 17. What is q(-12)?
-7
Let i(q) = -q**2 + 13*q + 67. Give i(-4).
-1
Let t(j) = -j**2 - 50*j - 384. Determine t(-40).
16
Let j(i) = 11*i + 45. Calculate j(-5).
-10
Let j(s) = -s**2 - 33*s + 535. What is j(12)?
-5
Let b(c) = -c**2 + 5*c + 23. Determine b(-3).
-1
Let p(o) = 16*o - 94. Calculate p(6).
2
Let w(q) = -2*q + 1. What is w(1)?
-1
Let y(a) = -2*a**2 - 8*a + 23. Determine y(6).
-97
Let a(j) = j**3 + 10*j**2 - 7*j - 12. Give a(-11).
-56
Let l(u) = -u**2 + 11*u - 49. Determine l(4).
-21
Let b(d) = -15*d**3 - 2*d**2 + 4*d + 4. What is b(-1)?
13
Let s(h) = 23*h + 10. Give s(-3).
-59
Let k(l) = -7*l - 175. Calculate k(-24).
-7
Let q(p) = -p**3 + 29*p**2 + 2*p - 51. Calculate q(29).
7
Let m(d) = -d**3 - 7*d**2 - 3*d - 6. Determine m(-6).
-24
Let p(t) = -t**3 - 16*t**2 + 58*t + 25. Determine p(-19).
6
Let h(w) = w + 3. Give h(-3).
0
Let x(i) = i + 11. Give x(-17).
-6
Let k(w) = -w**3 + w**2 - w - 17. Give k(0).
-17
Let a(u) = -3*u**3 - 5*u**2 - 2*u + 6. Determine a(-3).
48
Let y(s) = -26*s**2. Determine y(-1).
-26
Let n(i) = i**2 + 2*i + 3. What is n(-3)?
6
Let i(j) = -j**3 + 2*j**2 + 13*j + 4. Calculate i(-5).
114
Let q(g) = 11*g + 1. Calculate q(-2).
-21
Let n(m) = m**2 + 10*m - 46. Give n(7).
73
Let t(v) = -5*v**2 + 63*v + 26. Calculate t(13).
0
Let z(f) = -2*f**2 + 19*f + 3. Determine z(10).
-7
Let r(u) = u + 17. Give r(-11).
6
Let h(m) = -5*m**2 + 2*m + 1. Calculate h(-1).
-6
Let q(x) = -6*x - 10. Determine q(-8).
38
Let c(h) = h**3 + h**2 - 25*h + 18. What is c(-7)?
-101
Let d(o) = -o**2 + 21. What is d(6)?
-15
Let m(p) = p**2 + 13*p + 13. Give m(-11).
-9
Let z(p) = -3*p - 30. Give z(-5).
-15
Let f(g) = -g**2 + 23*g + 9. Determine f(23).
9
Let p(h) = h**3 - 4*h**2 + 7. Calculate p(3).
-2
Let k(h) = -119*h - 711. Give k(-6).
3
Let q(m) = -m + 21. Give q(8).
13
Let u(f) = -13*f + 499. Give u(39).
-8
Let f(v) = -v**2 + 6*v - 15. Calculate f(10).
-55
Let u(t) = -5*t - 120. Give u(-22).
-10
Let p(n) = n**3 + 18*n**2 + 41*n - 31. Determine p(-15).
29
Let d(v) = v**3 + 12*v**2 + 36*v + 6. Give d(-7).
-1
Let b(x) = -2*x + 4. Calculate b(12).
-20
Let l(s) = 6*s**2 - 30*s - 32. Give l(-1).
4
Let j(w) = 3*w**2 + 22*w + 15. What is j(-7)?
8
Let m(v) = -v + 22. Determine m(17).
5
Let i(q) = -18*q - 1. Determine i(-1).
17
Let f(z) = z**2 - 26*z + 167. Give f(13).
-2
Let v(b) = -b**3 - 14*b**2 - 9*b - 16. Calculate v(-13).
-68
Let p(s) = 3*s**2 - 29*s - 7. Give p(11).
37
Let p(l) = -13*l**3 - l**2 + 4*l - 2. Calculate p(1).
-12
Let m(w) = 7*w**2 + w. Determine m(1).
8
Let k(l) = 12*l**2 - 3*l + 1. Determine k(2).
43
Let v(i) = -6*i + 7. What is v(3)?
-11
Let n(c) = 2*c**3 - 5*c**2 - 7*c + 13. What is n(4)?
33
Let r(y) = 3*y**2 + 26*y + 2. Give r(-9).
11
Let g(b) = -16*b + 1. What is g(-2)?
33
Let w(u) = -4*u**2 - u - 1. Determine w(-1).
-4
Let v(m) = -3*m - 95. Calculate v(-31).
-2
Let u(k) = -k**2 + k + 50. Calculate u(0).
50
Let g(r) = -18*r - 9. Give g(0).
-9
Let q(d) = 16*d - 2. Give q(3).
46
Let v(r) = r**3 + 14*r**2 - 16*r + 16. Give v(-15).
31
Let i(y) = -2*y + 4. What is i(7)?
-10
Let q(z) = -13*z + 152. What is q(11)?
9
Let h(b) = b**2 + 8*b + 24. Give h(-5).
9
Let h(m) = -m**3 - 8*m**2 - 7*m - 3. Determine h(-7).
-3
Let l(h) = -3*h**2 + 18*h + 5. Calculate l(6).
5
Let o(j) = -j**3 + 2*j + 1. What is o(2)?
-3
Let d(y) = 4*y + 88. Determine d(-24).
-8
Let t(v) = -v**3 + 20*v**2 + 21*v + 20. Give t(21).
20
Let d(a) = -a**3 - 2*a**2 - 6*a - 8. What is d(-3)?
19
Let s(h) = 8*h + 110. What is s(-14)?
-2
Le